en 80 is divided by k?
24
Let z = -311 - -441. Suppose -101 = -21*w + z. What is the remainder when 107 is divided by w?
8
Let q(l) = 436*l + 540*l - 5 - 1097*l. Let o = -24 + 23. Calculate the remainder when q(o) is divided by 30.
26
Let k = 204 - 228. Let x = k + 47. Suppose i - 63 = 4*j, 0 = -j - j + 2. What is the remainder when i is divided by x?
21
Suppose -7*i + 2*i + 122 = 2*m, -4*i = -4*m - 120. Calculate the remainder when i is divided by 50/175*-49 - -23.
8
Suppose b + 2*v - 12182 - 4004 = 0, -3*b - 2*v = -48594. What is the remainder when b is divided by 7?
6
Suppose k - z - 41 = 0, -6*k - 2*z + 194 = -2*k. Let c = -5551 - -5779. What is the remainder when c is divided by k?
44
Suppose 2*m - 60*t = -56*t + 16, -3*m + 32 = -4*t. Calculate the remainder when 1355 is divided by m.
11
Let i be ((-30)/(-9))/(2/3). Let j be (70/(-21)*6/i)/(-2). Suppose 0 = -7*m + j*m + 50. What is the remainder when m is divided by 6?
4
Let t(y) = 7*y**2 - y. Suppose -13*u = -4*u. Suppose -h - 757 = -6*h + 3*c, -3*h - 2*c + 439 = u. Calculate the remainder when h is divided by t(-2).
29
Suppose 0 = -d + 302*u - 303*u + 232, 2*d = 2*u + 436. Calculate the remainder when 464 is divided by d.
14
Let h(w) = 4*w**2 + 106*w - 46. Calculate the remainder when 28181 is divided by h(-27).
5
Suppose -z = -20*v + 24*v - 3343, -z = -3*v - 3315. Calculate the remainder when z is divided by 7.
2
Suppose y = -2*n - 106 + 121, 28 = 2*y + 2*n. What is the remainder when 7069 is divided by y?
10
Let o be (-860)/(-16) + ((-18)/(-8) - 2). Let l = -33 + o. Calculate the remainder when 80 is divided by l.
17
Let i = 162 + -69. Let l = -65 + i. What is the remainder when 80 is divided by l?
24
Let v(m) = -7*m - 45. Let c be v(-10). Suppose -3*s + 8 = -c. Suppose -77 - 87 = -4*x. Calculate the remainder when x is divided by s.
8
Suppose -2074 = -4*k - 2*a, -a + 4*a = -k + 511. Calculate the remainder when k is divided by 84.
16
Let x(q) = -q**3 + 29*q**2 - q + 171. Let t be x(29). Suppose -t*p + 136*p + 252 = 0. Calculate the remainder when 333 is divided by p.
39
Let h = -465 + 660. Suppose 3*m = 8*m - h. Calculate the remainder when m is divided by ((-176)/(-110))/(2 - (-15)/25*-3).
7
Suppose -3*j + 171 = 10*l - 5*l, 2*l - 87 = 5*j. Calculate the remainder when 2231 is divided by l.
35
Suppose 161*v + 18*v = 2685. What is the remainder when 42 is divided by v?
12
What is the remainder when 1976 is divided by 168/28*10/5?
8
What is the remainder when 9181 is divided by ((30/4)/5)/(4965/4920 + -1)?
161
Suppose 3*p - j = p + 80, -5*p + 200 = -2*j. Suppose 4*w - 4*x + 2*x = 88, x = -2*w + p. Calculate the remainder when 77 is divided by w.
14
Calculate the remainder when (2 + (-5688)/(-28))*(7 + 0) is divided by 358.
4
Let s = -745 + 787. What is the remainder when 244 is divided by s?
34
Let l(y) = 5*y**2 - 3*y + 1. Let j be (-2)/(14/4775) - (-16)/112. Let r = 706 + j. Calculate the remainder when l(-5) is divided by r.
21
Suppose 129*c - 90 = 12681. Suppose 11 = -5*v + 41. Calculate the remainder when c is divided by v.
3
Suppose l + 5*d = -0*l - 17, -l + d = -1. Suppose 0 = -29*f + 22*f + 168. Calculate the remainder when f is divided by (1 + l - 13)*-1.
10
Suppose 7*r - 4*r + 104 = -4*y, 2*r = -2*y - 66. What is the remainder when 84 is divided by 8/r + 1130/35?
20
Let r = -9663 - -9689. Calculate the remainder when 715 is divided by r.
13
Let q(b) = -11*b - 6. Let l be q(-6). Suppose -l = -0*k - 15*k. Suppose 0*p + 3*p = 24. Calculate the remainder when p is divided by k.
0
Suppose 2*v - 9 = -4*r + 7, 2*r + 2*v = 4. Let i be (4/r*-1)/(20/(-930)). Suppose -4*t + i = -121. Calculate the remainder when t is divided by 21.
17
Let o = 23 - 9. Suppose -5*d + o = -41. Let a = -83 - -86. What is the remainder when d is divided by a?
2
Let y(o) = 3*o**3 - 208*o**2 + 70*o + 217. Calculate the remainder when y(69) is divided by 64.
30
What is the remainder when -8*((-105)/8 - 39/(-26)) is divided by 12?
9
Let b(q) = q**2 - 7. Suppose 4*s - 100 = 3*s. Suppose 24*p = 28*p - s. Calculate the remainder when b(-9) is divided by p.
24
Suppose 2*d - 2 = -n, 3*n - 26 = -d + 5*d. Calculate the remainder when 28 is divided by n/14 - 11009/(-707).
12
Suppose 3*z + 80 - 437 = 0. Calculate the remainder when z is divided by (-3 + 2)*5 - (8 - 25).
11
Let d(j) = 134*j - 759. What is the remainder when d(6) is divided by 1/2 + 765/34?
22
Let c(n) = 43*n**2 + 25*n - 85. What is the remainder when c(3) is divided by 175?
27
Let m = -51 - -320. What is the remainder when m is divided by 9?
8
Let d(a) = -2*a**3 + 42*a**2 + 4*a - 73. Let f be d(21). Suppose f*w - 20*w + 198 = 0. What is the remainder when w is divided by 16?
6
Let s(i) = -i**2 - 13*i + 215. Let r be s(0). Suppose -o + 75 = 3*g, -r - 85 = -4*o - g. Calculate the remainder when o is divided by 24.
3
Suppose 5*u + 16 = -3*i + 309, -i + 6 = 0. Calculate the remainder when 3299 is divided by u.
54
Let z be -12*6*(-3)/12. Suppose -5*d = 3*q - 681, -5*d + 6*q + 702 = 2*q. Suppose -12*f + z = -d. What is the remainder when 34 is divided by f?
8
Suppose -74*d + 22*d + 843 + 509 = 0. Let x be ((-9)/15)/((-3)/15). Suppose -x*b + 0*b = -21. Calculate the remainder when d is divided by b.
5
Suppose 185*g = 49664 - 4485 + 8841. What is the remainder when g is divided by 95?
7
Let v(r) = -r**2 - 16*r + 4. Suppose 0 = -7*n + 14*n - 63. What is the remainder when v(-12) is divided by n?
7
Suppose -9*z + 14*z = 2*h - 974, -5*h - 4*z + 2336 = 0. Calculate the remainder when h is divided by 120.
112
Suppose 4*k + 133 = 23*k. Suppose -2*j = -d + 1, 3*d + 34 = k*d - 2*j. Calculate the remainder when 29 is divided by d.
7
Let h = -2806 + 5728. What is the remainder when h is divided by 9?
6
Suppose -w + 10 = k, -5*w - 15 = -5*k + 25. Suppose -k*z - 125 = -1358. Calculate the remainder when z is divided by 13.
7
Suppose 3*q + 2*w = 100, 0 = 2*q + 4*w - 51 - 13. Suppose 32 - 148 = -4*l. What is the remainder when q is divided by l?
5
Suppose 10*a + 25 = 15*a. Suppose -5*n + 3*l + 2340 = 0, -a*n + 2*l - 1850 = -9*n. What is the remainder when n is divided by 26?
23
Let w(j) = j**2 - 71*j + 58. Calculate the remainder when w(-40) is divided by 18.
16
Let t(s) = -s**2 + 15*s + 14. Let x be t(16). Calculate the remainder when 26/(24/(-15) - x) is divided by 33.
32
Let n(y) = 20*y**2 + 25*y + 47. Suppose -3*l + 22 = -5*u, -10*u - 18 = -5*u - 2*l. What is the remainder when n(u) is divided by 20?
17
Let y(r) = -r**3 - 19*r**2 + 509*r + 20. Calculate the remainder when 416 is divided by y(-34).
38
Let b be 1872/(-15) + (-4)/20. Let o = b - -235. Suppose -8*t + o = 2*t. What is the remainder when 75 is divided by t?
9
Let n(s) = s**3 + 15*s**2 + 25*s + 21. Let a be n(-13). Suppose -a*b + 8*b + 104 = 0. What is the remainder when 104 is divided by b?
0
Suppose -5*b + 125 - 30 = -5*g, -4*b - 2*g = -58. What is the remainder when 142 is divided by b?
14
Let c = -38 + 56. Suppose 9 = -2*a + 5*a. Calculate the remainder when 765/(-5)*a/(-9) is divided by c.
15
Suppose 6*a + 168 = 4*a + 8*a. What is the remainder when 809 is divided by a?
25
What is the remainder when 4 + (-1858)/(-1)*(-1)/20*-10 is divided by 72?
69
Let b(a) = 2*a**2 - 8*a - 2. Let k be b(7). Suppose 5*c - k = -3*h, -2*c + 16 = -4*h - 0. Calculate the remainder when 36 is divided by c.
4
Let h(f) = 85 + 1073*f + 85 - 1077*f. Calculate the remainder when h(31) is divided by 24.
22
Let y(c) = 380*c - 9424. What is the remainder when y(27) is divided by 5?
1
Suppose 3*b - g + 8 = 0, -5*b - 2*g - 15 = 2. Let o be (b - -9) + -5 - 0. What is the remainder when 135 is divided by -3 + 0 - -3 - (o - 24)?
20
Suppose -9 = -3*y + 33. Let f(b) = -51 + 3*b + 12*b + 7*b + y. What is the remainder when f(6) is divided by 24?
23
Let k(x) = -61*x + 439. What is the remainder when 573 is divided by k(5)?
37
Suppose 0*k = -0*k + 7*k. Suppose k = 5*w - 204 - 276. Calculate the remainder when w is divided by 14.
12
Suppose 4*s - 16 = 0, -3*y - s + 66 = -2*y. Calculate the remainder when 604 is divided by y.
46
Suppose 0 = 2*z - 10 - 48. Suppose 45 = b + 4*b, -548 = -5*p - 64*b + 67*b. What is the remainder when p is divided by z?
28
Suppose 0 = 2*x - 50 - 514. Let c = -172 + x. Let h = c - 74. What is the remainder when h is d